{"id":2857,"date":"2019-02-27T14:11:55","date_gmt":"2019-02-27T20:11:55","guid":{"rendered":"http:\/\/localhost\/avarci_website\/?post_type=product&#038;p=2857"},"modified":"2022-10-25T10:00:19","modified_gmt":"2022-10-25T16:00:19","slug":"control-universal","status":"publish","type":"product","link":"https:\/\/avarci.mx\/?product=control-universal","title":{"rendered":"Control Universal"},"content":{"rendered":"<p>Este producto cuenta con b\u00fasqueda r\u00e1pida y autom\u00e1tica de 1000 c\u00f3digos digitales, puede ser usado a larga distancia, f\u00e1cil modo de programaci\u00f3n, operaci\u00f3n sencilla, dise\u00f1o ergon\u00f3mico e innovador y c\u00f3modo uso.<\/p>\n<p>Tambi\u00e9n cuenta con una pantalla LCD para una lectura mas f\u00e1cil de las operaciones e iluminaci\u00f3n.<\/p>\n<p>\u00a0<\/p>\n","protected":false},"excerpt":{"rendered":"<p>Reemplazo de control remoto de minisplits y ventana para todas las marcas.<\/p>\n<p>&nbsp;<\/p>\n<p>&nbsp;<\/p>\n<p>&nbsp;<\/p>\n<p>&nbsp;<\/p>\n","protected":false},"featured_media":3412,"comment_status":"closed","ping_status":"closed","template":"","meta":[],"product_cat":[135],"product_tag":[],"_links":{"self":[{"href":"https:\/\/avarci.mx\/index.php?rest_route=\/wp\/v2\/product\/2857"}],"collection":[{"href":"https:\/\/avarci.mx\/index.php?rest_route=\/wp\/v2\/product"}],"about":[{"href":"https:\/\/avarci.mx\/index.php?rest_route=\/wp\/v2\/types\/product"}],"replies":[{"embeddable":true,"href":"https:\/\/avarci.mx\/index.php?rest_route=%2Fwp%2Fv2%2Fcomments&post=2857"}],"wp:featuredmedia":[{"embeddable":true,"href":"https:\/\/avarci.mx\/index.php?rest_route=\/wp\/v2\/media\/3412"}],"wp:attachment":[{"href":"https:\/\/avarci.mx\/index.php?rest_route=%2Fwp%2Fv2%2Fmedia&parent=2857"}],"wp:term":[{"taxonomy":"product_cat","embeddable":true,"href":"https:\/\/avarci.mx\/index.php?rest_route=%2Fwp%2Fv2%2Fproduct_cat&post=2857"},{"taxonomy":"product_tag","embeddable":true,"href":"https:\/\/avarci.mx\/index.php?rest_route=%2Fwp%2Fv2%2Fproduct_tag&post=2857"}],"curies":[{"name":"wp","href":"https:\/\/api.w.org\/{rel}","templated":true}]}}