{"id":2893,"date":"2019-07-04T16:19:12","date_gmt":"2019-07-04T22:19:12","guid":{"rendered":"http:\/\/avarci.mx\/?post_type=product&#038;p=2893"},"modified":"2022-10-25T09:59:47","modified_gmt":"2022-10-25T15:59:47","slug":"motor-evaporador-inverter","status":"publish","type":"product","link":"https:\/\/avarci.mx\/?product=motor-evaporador-inverter","title":{"rendered":"Motor Evaporador Inverter"},"content":{"rendered":"<p>Este es un motor moldeado con resina endurecida al calor, y es un motor DC sin escobillas de alta funcionalidad que es resistente al medio ambiente, ligero, peque\u00f1o y con caracter\u00edstica de baja vibraci\u00f3n , incluye un circuito de transmisi\u00f3n integrado.<\/p>\n<h3><strong>Caracter\u00edsticas\u00a0<\/strong><\/h3>\n<p><b>Marca: <\/b>Neutral<\/p>\n<p><b>Numero de Modelo: <\/b>ZDK-30-8<\/p>\n<p><b>Potencia de salida: <\/b>30W<\/p>\n<p><b>Tensi\u00f3n: <\/b>DC 310V<\/p>\n<p><b>Rotaci\u00f3n: <\/b>ccw<\/p>\n<p><b>Peso: <\/b>0.820 kg<\/p>\n<p><b>Velocidad: <\/b>1500 rpm<\/p>\n<p>\u00a0<\/p>\n<p>\u00a0<\/p>\n","protected":false},"excerpt":{"rendered":"<p>Este es un motor moldeado con resina endurecida al calor, y es un motor DC sin escobillas de alta funcionalidad que es resistente al medio ambiente, ligero, peque\u00f1o y con caracter\u00edstica de baja vibraci\u00f3n , incluye un circuito de transmisi\u00f3n integrado. Caracter\u00edsticas\u00a0 Marca: Neutral Numero de Modelo: ZDK-30-8 Potencia de salida: 30W Tensi\u00f3n: DC 310V [&hellip;]<\/p>\n","protected":false},"featured_media":3402,"comment_status":"closed","ping_status":"closed","template":"","meta":[],"product_cat":[116],"product_tag":[],"_links":{"self":[{"href":"https:\/\/avarci.mx\/index.php?rest_route=\/wp\/v2\/product\/2893"}],"collection":[{"href":"https:\/\/avarci.mx\/index.php?rest_route=\/wp\/v2\/product"}],"about":[{"href":"https:\/\/avarci.mx\/index.php?rest_route=\/wp\/v2\/types\/product"}],"replies":[{"embeddable":true,"href":"https:\/\/avarci.mx\/index.php?rest_route=%2Fwp%2Fv2%2Fcomments&post=2893"}],"wp:featuredmedia":[{"embeddable":true,"href":"https:\/\/avarci.mx\/index.php?rest_route=\/wp\/v2\/media\/3402"}],"wp:attachment":[{"href":"https:\/\/avarci.mx\/index.php?rest_route=%2Fwp%2Fv2%2Fmedia&parent=2893"}],"wp:term":[{"taxonomy":"product_cat","embeddable":true,"href":"https:\/\/avarci.mx\/index.php?rest_route=%2Fwp%2Fv2%2Fproduct_cat&post=2893"},{"taxonomy":"product_tag","embeddable":true,"href":"https:\/\/avarci.mx\/index.php?rest_route=%2Fwp%2Fv2%2Fproduct_tag&post=2893"}],"curies":[{"name":"wp","href":"https:\/\/api.w.org\/{rel}","templated":true}]}}