{"id":2968,"date":"2019-08-01T11:42:33","date_gmt":"2019-08-01T17:42:33","guid":{"rendered":"http:\/\/avarci.mx\/?post_type=product&#038;p=2968"},"modified":"2022-10-24T17:25:10","modified_gmt":"2022-10-24T23:25:10","slug":"tarjeta-universal-para-minisplit-220v-110v","status":"publish","type":"product","link":"https:\/\/avarci.mx\/?product=tarjeta-universal-para-minisplit-220v-110v","title":{"rendered":"TARJETA UNIVERSAL PARA MINISPLIT 220V \/ 110V"},"content":{"rendered":"<h2>DETALLES<\/h2>\n<ul>\n<li>El kit incluye un control remoto f\u00e1cil de operar.<\/li>\n<li>5 modos de uso (Autom\u00e1tico, Enfriamiento,<br \/>\nCalefacci\u00f3n, humedad y seco).<\/li>\n<li>Maneja 3 velocidades en ventilador.<\/li>\n<li>Control de Temperatura Preciso y Estable.<\/li>\n<li>Para equipos solo frio y tambi\u00e9n heat pump.<\/li>\n<li>Opera en voltaje 220V y 110V.<\/li>\n<li>Tiene 1000 c\u00f3digos preprogramados por lo que funciona con muchas marcas de minisplits.<\/li>\n<\/ul>\n<p>\u00a0<\/p>\n","protected":false},"excerpt":{"rendered":"<p>DETALLES El kit incluye un control remoto f\u00e1cil de operar. 5 modos de uso (Autom\u00e1tico, Enfriamiento, Calefacci\u00f3n, humedad y seco). Maneja 3 velocidades en ventilador. Control de Temperatura Preciso y Estable. Para equipos solo frio y tambi\u00e9n heat pump. Opera en voltaje 220V y 110V. Tiene 1000 c\u00f3digos preprogramados por lo que funciona con muchas [&hellip;]<\/p>\n","protected":false},"featured_media":3359,"comment_status":"closed","ping_status":"closed","template":"","meta":[],"product_cat":[126],"product_tag":[],"_links":{"self":[{"href":"https:\/\/avarci.mx\/index.php?rest_route=\/wp\/v2\/product\/2968"}],"collection":[{"href":"https:\/\/avarci.mx\/index.php?rest_route=\/wp\/v2\/product"}],"about":[{"href":"https:\/\/avarci.mx\/index.php?rest_route=\/wp\/v2\/types\/product"}],"replies":[{"embeddable":true,"href":"https:\/\/avarci.mx\/index.php?rest_route=%2Fwp%2Fv2%2Fcomments&post=2968"}],"wp:featuredmedia":[{"embeddable":true,"href":"https:\/\/avarci.mx\/index.php?rest_route=\/wp\/v2\/media\/3359"}],"wp:attachment":[{"href":"https:\/\/avarci.mx\/index.php?rest_route=%2Fwp%2Fv2%2Fmedia&parent=2968"}],"wp:term":[{"taxonomy":"product_cat","embeddable":true,"href":"https:\/\/avarci.mx\/index.php?rest_route=%2Fwp%2Fv2%2Fproduct_cat&post=2968"},{"taxonomy":"product_tag","embeddable":true,"href":"https:\/\/avarci.mx\/index.php?rest_route=%2Fwp%2Fv2%2Fproduct_tag&post=2968"}],"curies":[{"name":"wp","href":"https:\/\/api.w.org\/{rel}","templated":true}]}}