{"id":3079,"date":"2020-03-13T15:44:21","date_gmt":"2020-03-13T21:44:21","guid":{"rendered":"http:\/\/avarci.mx\/?post_type=product&#038;p=3079"},"modified":"2022-10-24T17:19:38","modified_gmt":"2022-10-24T23:19:38","slug":"bomba-de-vacio-2-5-cfm","status":"publish","type":"product","link":"https:\/\/avarci.mx\/?product=bomba-de-vacio-2-5-cfm","title":{"rendered":"BOMBA DE VAC\u00cdO 3 CFM"},"content":{"rendered":"<p style=\"text-align: left;\">Las bombas de vac\u00edo est\u00e1n dise\u00f1adas con paletas rotatorias de doble etapa VP, que son bombas peque\u00f1as conectadas directamente con cubiertas externas de aluminio. Son eficientes en la disipaci\u00f3n de calor y pueden mantener un buen rendimiento para mucho tiempo. Las bombas est\u00e1n avanzadas en funcionamiento estable y bajo ruido.<\/p>\n<p>\u00a0<\/p>\n<p><strong>DESCRIPCI\u00d3N CARACTER\u00cdSTICAS<\/strong><br \/>\nVelocidad de bombeo \u2013\u00a0 3 CFM<br \/>\nPresi\u00f3n m\u00e1xima\u00a0 \u00a0 \u00a0 \u00a0 \u00a0 \u2013\u00a0 25microns<br \/>\nFuerza de motor\u00a0 \u00a0 \u00a0 \u00a0 \u00a0\u2013\u00a0 1 \/ 3 HP<br \/>\nTama\u00f1o de entrada\u00a0 \u00a0 \u2013\u00a0 1\/4\u2033 Flare<br \/>\nCapacidad de aceite\u00a0 \u2013\u00a0 280ml<br \/>\nTama\u00f1o total (mm)\u00a0 \u00a0 \u00a0\u2013\u00a0 278x134x216<br \/>\nPeso\u00a0 \u00a0 \u00a0 \u00a0 \u00a0 \u00a0 \u00a0 \u00a0 \u00a0 \u00a0 \u00a0 \u00a0 \u00a0 \u00a0\u2013\u00a0 7KG<br \/>\nEtapas\u00a0 \u00a0 \u00a0 \u00a0 \u00a0 \u00a0 \u00a0 \u00a0 \u00a0 \u00a0 \u00a0 \u00a0 \u2013\u00a0 2<br \/>\nVoltaje\u00a0 \u00a0 \u00a0 \u00a0 \u00a0 \u00a0 \u00a0 \u00a0 \u00a0 \u00a0 \u00a0 \u00a0 \u2013\u00a0 \u00a0110-220V\/50-60Hz.<\/p>\n","protected":false},"excerpt":{"rendered":"<p>Las bombas de vac\u00edo est\u00e1n dise\u00f1adas con paletas rotatorias de doble etapa VP, que son bombas peque\u00f1as conectadas directamente con cubiertas externas de aluminio. Son eficientes en la disipaci\u00f3n de calor y pueden mantener un buen rendimiento para mucho tiempo. Las bombas est\u00e1n avanzadas en funcionamiento estable y bajo ruido. \u00a0 DESCRIPCI\u00d3N CARACTER\u00cdSTICAS Velocidad de [&hellip;]<\/p>\n","protected":false},"featured_media":3377,"comment_status":"closed","ping_status":"closed","template":"","meta":[],"product_cat":[120],"product_tag":[],"_links":{"self":[{"href":"https:\/\/avarci.mx\/index.php?rest_route=\/wp\/v2\/product\/3079"}],"collection":[{"href":"https:\/\/avarci.mx\/index.php?rest_route=\/wp\/v2\/product"}],"about":[{"href":"https:\/\/avarci.mx\/index.php?rest_route=\/wp\/v2\/types\/product"}],"replies":[{"embeddable":true,"href":"https:\/\/avarci.mx\/index.php?rest_route=%2Fwp%2Fv2%2Fcomments&post=3079"}],"wp:featuredmedia":[{"embeddable":true,"href":"https:\/\/avarci.mx\/index.php?rest_route=\/wp\/v2\/media\/3377"}],"wp:attachment":[{"href":"https:\/\/avarci.mx\/index.php?rest_route=%2Fwp%2Fv2%2Fmedia&parent=3079"}],"wp:term":[{"taxonomy":"product_cat","embeddable":true,"href":"https:\/\/avarci.mx\/index.php?rest_route=%2Fwp%2Fv2%2Fproduct_cat&post=3079"},{"taxonomy":"product_tag","embeddable":true,"href":"https:\/\/avarci.mx\/index.php?rest_route=%2Fwp%2Fv2%2Fproduct_tag&post=3079"}],"curies":[{"name":"wp","href":"https:\/\/api.w.org\/{rel}","templated":true}]}}